hen t is divided by 27?
11
Let h(j) = 5 - 3 - 67 - 24 - 17*j - 7. What is the remainder when 111 is divided by h(-9)?
54
Suppose n + 4*r = -n - 8, -2*r + 6 = -4*n. Suppose 0 = 5*c - 35 - 30. What is the remainder when (152/4)/(2/(-2) - n) is divided by c?
12
Suppose 4*p - 3*d = 159, p - 4*d + 5 - 48 = 0. Suppose -5*q + 4 = -3*j, 430*j - 433*j + 73 = 2*q. Calculate the remainder when p is divided by j.
5
Suppose 65*o = -81*o - 19367 + 256033. What is the remainder when o is divided by 321?
16
Suppose -2*z + 90 = -d - 7, 2*z + d = 99. Calculate the remainder when (-14 - 63/18)*22/(-5) is divided by (-4)/12 - z/(-3).
13
Let g = 227 + -235. Calculate the remainder when (6/4)/((-2)/(-20)) is divided by (-70)/(-20)*g/(-4).
1
Suppose -i - 504 = -2*c + 774, 2*i = -8. Suppose -15*z = 37 - c. What is the remainder when 155 is divided by z?
35
Suppose 2*n - 20 = 5*i + 111, -255 = -4*n + 3*i. Suppose 3*a - 6*a + 15 = 0. Let z = a + 11. Calculate the remainder when n is divided by z.
15
Let f(c) = -48*c + 1. What is the remainder when f(-2) is divided by 215/5*1736/5332?
13
Let j(c) = c**3 - 13*c**2 + 7*c - 37. Let b be 72 + (-2 - -1 - 2). Let m = 97 - b. Calculate the remainder when j(13) is divided by m.
26
Let f(n) = -n**2 + 21*n + 551. Let t = 45 + -25. What is the remainder when t is divided by f(-15)?
9
Suppose -23652 = -352*r + 346*r. What is the remainder when r is divided by 30?
12
Let j = -28848 - -28890. Let q = 17 + -8. Calculate the remainder when j is divided by q.
6
Let l(c) = 3*c - 25. Let n(d) = -d - 1. Suppose p - 9 = 10*p. Let o(x) = p*l(x) - 4*n(x). Calculate the remainder when 29 is divided by o(-21).
5
Suppose -4*o = 2*w - 198, -4*w = -6*o + 9*o - 386. Calculate the remainder when w is divided by 37.
21
Suppose -t = -2*s + 76, -515*t - 125 = -3*s - 519*t. What is the remainder when 146 is divided by s?
29
Suppose -31 = -3*v + o + o, 4*v = 4*o + 36. Suppose -9*i = -v*i + 168. Let u = 75 + -53. What is the remainder when i is divided by u?
20
What is the remainder when (-1 - -102) + (-1210)/121 is divided by 79?
12
Let q(s) = -14*s**2 + 29*s + 46. What is the remainder when 4000 is divided by q(0)?
44
Let l = 100 - 96. Let s be 30/(-9) + l - (-218)/6. Let z = s + -13. What is the remainder when 93 is divided by z?
21
Let n(z) = -z**3 + 2*z**2 - 4. Suppose 0 = 38*u - 34*u - 92. What is the remainder when u*((-6)/36 - (-86)/12) is divided by n(-3)?
38
Suppose 4*n = -5*u - 0*n + 214, -4 = -4*n. Let f be 12/20 - u/(-5). Suppose 171 - f = 9*b. Calculate the remainder when b is divided by 11.
7
Let u = 1393 + -1343. Calculate the remainder when 221 is divided by u.
21
Let u(y) = y - 1. Let c(p) = -3*p + 4. Let x(n) = 6*c(n) + 22*u(n). Let f = -123 - -125. Calculate the remainder when 19 is divided by x(f).
9
Let p(c) = 317*c - 2339. What is the remainder when p(27) is divided by 122?
120
Let d = 1218 + -1119. What is the remainder when 985 is divided by d?
94
Let g(a) = -25*a + 345. What is the remainder when 9819 is divided by g(13)?
19
Suppose -b - 2*k + 10 + 4 = 0, 18 = 2*b - k. Suppose 670*h - 26716 - 45458 = 147*h. Calculate the remainder when h is divided by b.
8
Let b = 12770 - 12549. Calculate the remainder when b is divided by 46.
37
Let l(j) be the first derivative of -j**2 + 20*j - 13. Let f be l(7). Suppose -f*m = -19*m + 91. What is the remainder when 75 is divided by m?
5
Let m(q) = -2*q**2 + 23*q - 21. Let w be m(11). Let o(y) = y**2 - y - 3. Calculate the remainder when 4/w - 5/(25/(-27)) is divided by o(3).
2
What is the remainder when 5/(1 + 36/(-38)) is divided by 9/3*-16*2/(-8)?
11
Let s be ((-174)/145)/((-3)/80). Suppose s*h - 9369 = 8839. Calculate the remainder when h is divided by 30.
29
Let x(k) = 29*k + 119. Let r be x(-4). Suppose 5*g + 137 = r*o, 5*o + g - 171 = 48. Let s(n) = -9*n - 3. Calculate the remainder when o is divided by s(-3).
20
Let o(x) = -17*x**3 + 596*x**2 - 22*x - 80. Calculate the remainder when 3386 is divided by o(35).
11
Suppose -24188 = 178*l - 20532 - 64710. What is the remainder when l is divided by 54?
19
Let n(c) be the second derivative of 17*c**4/12 - c**3/3 + c**2/2 + 2*c + 2. Let p = 9 + -8. What is the remainder when 29 is divided by n(p)?
13
Calculate the remainder when 502 is divided by (-2915)/(-22) - 3/12*-2.
103
Let l = 8377 - 8277. Calculate the remainder when 2789 is divided by l.
89
Let g(x) = 7*x**3 - 6*x**2 + 9*x + 12. Let t(h) = -h**2 + 221 - 220 + h**2 - h**3. Let n(q) = g(q) + 6*t(q). What is the remainder when n(6) is divided by 25?
22
Let h(m) = 23*m - 1942. Calculate the remainder when ((-5)/(-10))/((-2)/(-196)) is divided by h(85).
10
Let z = -8 + -4. Let t be 322/z + 2/(-12). Calculate the remainder when 1109/9 - (75/t - -3) is divided by 18.
15
Suppose -3*u = 16 - 46. Calculate the remainder when -3*(102/459 + 59/(-9)) is divided by (u/8)/(4/32).
9
Let q be -1 + 7 + -4 + 1. Suppose -3*f + 74 = -2*r + 308, 2*f - q*r = -151. Let s = f - -124. What is the remainder when s is divided by 9?
8
Let d = 3012 - -4628. What is the remainder when d is divided by 42?
38
Let y(s) = 2*s - 145*s**2 + s + 146*s**2 - 31 - 19. What is the remainder when y(-12) is divided by 9?
4
Let w be ((-12)/8 - 2)/((-7)/(-56)). Let f = w + 110. What is the remainder when f is divided by 28?
26
Suppose 209 = 5*q + 17*u - 21*u, 3*u = 5*q - 213. What is the remainder when 182 is divided by q?
2
Let g = -12 - -24. What is the remainder when ((-38)/3)/((-4)/g) is divided by (0 - -1)/(2*(-2)/(-52))?
12
What is the remainder when 79 + (12 - 10 - 2) is divided by (-1)/(135/(-66) + 2)?
13
Let o(b) = 2*b**3 + 28*b**2 + 68*b + 11. Calculate the remainder when 666 is divided by o(-10).
11
Let z = -64 + 66. Let m be -3 + z*1/1 - -7. Let t = 25 + m. What is the remainder when t is divided by 9?
4
Suppose 140*k - 132 = 138*k + 30. Suppose c - 21 + 7 = 0. What is the remainder when k is divided by c?
11
What is the remainder when 259 is divided by -5 - (10 - (-528)/(-6))?
40
Calculate the remainder when 1681 is divided by (-2)/33 - (-68628)/8514.
1
Suppose -4*a - 4*h = -112, -h - 11 = -4*a + 76. Suppose 7*z - 35*z = 8092. Let n = 302 + z. What is the remainder when a is divided by n?
10
Calculate the remainder when 6140 is divided by (-992)/(-620) - (546/(-15) + 1).
35
Let p(c) = -11*c + 37. Suppose 0 = -14*t + 8*t. What is the remainder when 72 is divided by p(t)?
35
Suppose 0 = 2*x - 6 - 4. Suppose x*s - 18 = 222. Calculate the remainder when 237 is divided by s.
45
Let i(k) = 28*k - 143. Let l(v) = 81*v - 430. Let c(j) = -11*i(j) + 4*l(j). Calculate the remainder when c(15) is divided by 24.
21
Let k = 6864 - 6862. Let i be 0 + 1 - 1 - -2. Calculate the remainder when (i/6)/(k*2/84) is divided by 1.
0
Suppose 79*q - 2030 - 6818 = 0. Calculate the remainder when 121 is divided by q.
9
Suppose 0 = 2*v - 2*u - 68, 24*v - 23*v = -u + 44. What is the remainder when 100 is divided by v?
22
Suppose t = -5*w + 21, -1 - 5 = -2*t + 2*w. Suppose t*q = 7*q - 10. Calculate the remainder when 67 is divided by q.
7
Suppose 28*b - 3775 = 23*b. Let g = -739 + b. Calculate the remainder when (6/4)/((-6)/(-248)) is divided by g.
14
Let b be (52734/77)/6 + (-2)/14. Suppose -3*m - b = -u, 5*m - 77 = -u + 69. What is the remainder when u is divided by 2?
0
Calculate the remainder when 2447 is divided by -6 - (16 - 7)*(-800)/48.
143
Suppose 5*j = -2*n - 80, 5*j + 6*n = 2*n - 80. Let s be (j/10)/(4/(-10)). Suppose s = -z, 0*z - 2*z = -r + 11. Calculate the remainder when 9 is divided by r.
0
Suppose 2*p - a = 16, 6*p = 8*p - 4*a - 22. Suppose 0 = o + p*o - 184. What is the remainder when 244 is divided by o?
14
Let m(o) = o**3 + o**2 - 2*o. Let u(g) = 6*g**3 + g**2 - 20*g - 2. Let b(i) = -5*m(i) + u(i). Calculate the remainder when 15 is divided by b(6).
5
Let r(y) = y. Let k be r(-3). Calculate the remainder when 13 + k + (-9)/(-3) is divided by (28/6)/((-58)/(-87)).
6
Suppose -4*p + 3*w = 2*w - 22, 0 = p - 3*w - 11. Let m = -11 + 49. Let r = 45 - m. Calculate the remainder when r is divided by p.
2
What is the remainder when ((-7 - (-5040)/(-5)) + -6)*(-1)/1 is divided by 79?
73
Suppose -132 = z - d, z - 3*d + 139 = -1. What is the remainder when 21/6*z/(-14) is divided by (-5)/15 + 68/6?
10
Suppose 0 = -o - 4*o - 145. Let x b